{"id":125,"date":"2009-11-01T13:13:31","date_gmt":"2009-11-01T12:13:31","guid":{"rendered":"http:\/\/eeepc901\/wordpress\/?page_id=125"},"modified":"2018-12-18T00:17:13","modified_gmt":"2018-12-17T23:17:13","slug":"willkommen","status":"publish","type":"page","link":"https:\/\/www.lfmo.de\/","title":{"rendered":"Willkommen"},"content":{"rendered":"<h4 style=\"text-align: left; padding-left: 30px;\">Herzlich willkommen im Labor f\u00fcr Marketingoptimierung,<br>dem unabh\u00e4ngigen Optimierer f\u00fcr Ihre Marketingplanung!<\/h4>\n<p><span style=\"color: #ffffff;\">.<\/span><\/p>\n<p style=\"text-align: justify;\">Wir unterst\u00fctzen mit unserer Beratungsleistung die Marketingabteilungen mittelgro\u00dfer Unternehmen, aber auch kleinere Firmen ohne dedizierte Marketingmitarbeiter, bei der Auswahl geeigneter Werkzeuge zur Adressierung ihrer Kunden und der Erschlie\u00dfung neuer Zielgruppen.<\/p>\n<p style=\"text-align: justify;\">Unser wichtigstes Anliegen ist es, den Bekanntheitsgrad unserer Klienten im Markt zu steigern, damit neue Kunden gewonnen und Bestandskunden an das Unternehmen gebunden werden k\u00f6nnen.<\/p>\n<p style=\"text-align: justify;\">Wenn Ihnen Umsatzsteigerung und die Verbesserung Ihrer Marktposition wichtige Anliegen sind, liefert Ihnen das Labor wertvolle Anhaltspunkte zur kurz-, mittel- und langfristigen Realisierung.<\/p>\n<p style=\"text-align: justify;\"><strong>Analyse &#8211; Bewertung &#8211; Optimierung<\/strong>. Auf diesen drei S\u00e4ulen basiert unsere Arbeit. Unsere Vorschl\u00e4ge werden grunds\u00e4tzlich f\u00fcr jedes Unternehmen individuell erarbeitet. F\u00fcr Ihren Markt, Ihre Branche, Ihr Produkt. F\u00fcr die Erreichung des maximal m\u00f6glichen Return on Investment.<\/p>\n<p style=\"text-align: justify;\"><strong>Wir nehmen Ihnen Ihr Marketing nicht ab<\/strong>. Aber wir analysieren Ihre bisherige Arbeit und geben wertvolle Anhaltspunkte zur Optimierung, denn wir sind eine Unternehmensberatung und keine Marketingagentur. Wir erarbeiten mit unseren Kunden strategische Konzepte, schlagen individuelle Ma\u00dfnahmen zur Optimierung ihres Marketingmix vor und beraten in allen Fragen rund um Kundengewinnung und -bindung.<\/p>\n<p style=\"text-align: justify;\"><strong>Wir sagen Ihnen wo es hakt<\/strong>. Und als unabh\u00e4ngiger Dritter beurteilen wir gerne auch die Arbeit Ihrer Dienstleister. Hatten Sie schon einmal den Eindruck, dass es auch besser ginge? Wenn gew\u00fcnscht, vermitteln wir Ihnen gerne Arbeitsproben neuer Agenturen oder Kontakte f\u00fcr Industriekooperationen.<\/p>\n<p style=\"text-align: justify;\"><strong>Wir bieten, was keine Marketingabteilung bieten kann<\/strong>: den unbestechlichen und schonungslosen Blick von Aussen. So, wie ein Unternehmen auch von seinen Kunden gesehen wird.<\/p>\n<p><\/p>\n\n\n<html><head>\n<title>Aktionsboxen<\/title>\n<style type=\"text\/css\">\na:link { font-weight:normal; color:dimgray; text-decoration:none; }\na:visited { font-weight:normal; color:dimgray; text-decoration:none; }\na:focus { font-weight:normal; color:dimgray; text-decoration:none; }\na:hover { font-weight:normal; color:black; text-decoration:none; }\na:active { font-weight:normal; color:red; text-decoration:none; }\n<\/style>\n<\/head>\n<body>\n<table id=\"Boxen\" width=\"100%\">\n<tr> \n<td style=\"color:#cccccc; background:#eeeeee; border:solid 1px; padding:0px 5px; height:50px\"><a href=\"\/?cat=15\" target=\"_self\"><p style=\"text-align: justify\"><img decoding=\"async\" src=\"http:\/\/www.lfmo.de\/wp-content\/uploads\/evolution.png\" img class=\"alignleft\"><strong>Was nun?<\/strong><br> Sie vermarkten Ihre Produkte bereits mit Erfolg? Erfahren Sie durch das Labor f\u00fcr Marketingoptimierung, wie Sie Ihr begrenztes Budget noch kundenorientierter und wirksamer einsetzen k\u00f6nnen.<\/p><\/a><\/td>\n<td style=\"color:#ffffff; background:#ffffff; border:solid 0px; width:5px\"><\/td>\n<td style=\"color:#cccccc; background:#eeeeee; border:solid 1px; padding:0px 5px; height:50px\"><a href=\"\/?p=632\" target=\"_self\"><p style=\"text-align: justify\"><img decoding=\"async\" src=\"http:\/\/www.lfmo.de\/wp-content\/uploads\/stop.gif\" alt=\"Stop\" img class=\"alignleft\">\n<strong>Hinweis!<\/strong><br> Das LfMO hat seine Bera- tungst\u00e4tigkeit eingestellt. Wir danken unseren Kunden f\u00fcr das geleistete Vertrauen und vermitteln Sie auf Wunsch gerne an eines unserer Partnerunternehmen.<\/p><\/a><\/td>\n<\/tr><\/table><\/body><\/html>\n","protected":false},"excerpt":{"rendered":"<p>Herzlich willkommen im Labor f\u00fcr Marketingoptimierung,dem unabh\u00e4ngigen Optimierer f\u00fcr Ihre Marketingplanung! . Wir unterst\u00fctzen mit unserer Beratungsleistung die Marketingabteilungen mittelgro\u00dfer Unternehmen, aber auch kleinere Firmen ohne dedizierte Marketingmitarbeiter, bei der Auswahl geeigneter Werkzeuge zur Adressierung ihrer Kunden und der Erschlie\u00dfung neuer Zielgruppen. Unser wichtigstes Anliegen ist es, den Bekanntheitsgrad unserer Klienten im Markt zu steigern, [&hellip;]<\/p>\n","protected":false},"author":1,"featured_media":0,"parent":0,"menu_order":0,"comment_status":"closed","ping_status":"closed","template":"","meta":{"footnotes":""},"class_list":["post-125","page","type-page","status-publish","hentry"],"_links":{"self":[{"href":"https:\/\/www.lfmo.de\/index.php?rest_route=\/wp\/v2\/pages\/125","targetHints":{"allow":["GET"]}}],"collection":[{"href":"https:\/\/www.lfmo.de\/index.php?rest_route=\/wp\/v2\/pages"}],"about":[{"href":"https:\/\/www.lfmo.de\/index.php?rest_route=\/wp\/v2\/types\/page"}],"author":[{"embeddable":true,"href":"https:\/\/www.lfmo.de\/index.php?rest_route=\/wp\/v2\/users\/1"}],"replies":[{"embeddable":true,"href":"https:\/\/www.lfmo.de\/index.php?rest_route=%2Fwp%2Fv2%2Fcomments&post=125"}],"version-history":[{"count":0,"href":"https:\/\/www.lfmo.de\/index.php?rest_route=\/wp\/v2\/pages\/125\/revisions"}],"wp:attachment":[{"href":"https:\/\/www.lfmo.de\/index.php?rest_route=%2Fwp%2Fv2%2Fmedia&parent=125"}],"curies":[{"name":"wp","href":"https:\/\/api.w.org\/{rel}","templated":true}]}}